e o(0). Let n = q - 1. Suppose 562 = 2*u + n*x, 4*x + 1450 = 5*u - x. Is u a prime number?
False
Suppose -195 = 5*q + z, 2*z + 2*z = 2*q + 100. Let b be (-15651)/(-15) - (-16)/q. Suppose -5*v + 2*v = -2*u + b, 2111 = 4*u - v. Is u a composite number?
True
Suppose 2*f - 18816 = -2*u + 230452, 5*f - 4*u = 623161. Is f a prime number?
True
Suppose 2*s = 8, 2*s - 1 = 5*x - 2*s. Suppose 2*b + 2905 = -x*b. Let k = 870 + b. Is k a composite number?
True
Let c(l) = 3 - 5*l + 2*l + l. Let v be c(4). Is ((-482)/v)/(3/15) a prime number?
False
Let m = -374 + 370. Is 6464 - (m/(-4) - 4) a composite number?
True
Suppose 242 = 5*n + y, -2*y + 2 = -y. Suppose 124635 = -33*a + n*a. Is a a composite number?
True
Let k = -15745 - -59402. Is k a prime number?
False
Suppose -4*o + 4*m + 20 = 0, 3*o - m + 1 = 4*o. Suppose -3*d + 5775 = o*p, 4*p - 1915 = 3*p + 4*d. Is p composite?
True
Suppose 0*l + 2*f - 1325 = -5*l, -2*l = 4*f - 514. Suppose -3*p + 6*p = l. Let y = p - 2. Is y a composite number?
True
Suppose 0 = 6*t - 2*t - 820. Let i = 35 + t. Let q = i - -953. Is q a composite number?
False
Suppose 3*q - 8*q + 7355 = 0. Let t = -120 + q. Is t a composite number?
True
Let n be (-2 + 1891/(-2))*(37 + -41). Is (n/(-6))/(650/(-390)) composite?
False
Let j(h) = 552*h**2 + 14*h + 5. Let v = -97 - -100. Let f(p) = 184*p**2 + 5*p + 2. Let t(g) = v*j(g) - 8*f(g). Is t(1) prime?
False
Suppose -2*o + 5*h + 501750 = 0, 0 = -4*o - 2*h + 637402 + 366146. Is o a composite number?
True
Suppose -5*k + 1113265 = 5*p, 57*p - 4*k + 1113271 = 62*p. Is p a composite number?
False
Suppose -76*v + 75*v = 159. Let h = -9 + 14. Is (h + -6)/(1/v) composite?
True
Let q = -61 + 121. Let h = q + -55. Suppose -646 + 1601 = h*j. Is j a composite number?
False
Is (-1358)/(-970) - 37/5 - 210337/(-1) composite?
True
Suppose 5*p = 7*h - 2*h + 1395090, p - 279009 = 4*h. Is (p/17)/(0 + 3) a prime number?
True
Suppose 24*x - 580874 = -26*x + 36*x. Is x a prime number?
True
Suppose t = -7*t - 22*t. Let c(h) = 474 + 4*h - 16 + 112 - 23. Is c(t) composite?
False
Suppose 4435 = m - 3*t - 121938, -t = 4. Is m composite?
True
Let f be 4*(-3)/28 - 3868/7. Let v = f + 1442. Is v prime?
False
Let f(h) = 220*h + 4. Let k(l) = 14. Let z(v) = -5. Let c(p) = 4*k(p) + 11*z(p). Let a(i) = 5*c(i) + f(i). Is a(4) a composite number?
True
Suppose 2*x - 66 = -56. Suppose 0 = x*r + 2*k + k - 22, -5*k + 10 = -5*r. Suppose -6*w + 1028 = -r*w. Is w composite?
False
Let m = 44530 + -30354. Let t = m + -5703. Is t composite?
True
Let c = 327 + -321. Let k(n) = 48*n**3 - 2*n**2 + 5*n + 1. Is k(c) a composite number?
True
Let w(y) = 9869*y - 100. Is w(3) composite?
True
Suppose 0 = -3*n - 3*t, -3*n + 2*t - 8 = 7*t. Suppose 5*o - n*x - 8 = 0, 3*o - 3 = 2*x + 1. Suppose -2*v + 1375 = -0*v + i, o = 3*v + i - 2060. Is v prime?
False
Suppose 31357 = j + 4*k, -k - 8897 = -j + 22460. Is j prime?
True
Let b(g) = -g**3 + 2*g**2 + 9. Let n be b(12). Let v = n - -2442. Suppose 4*c + f = 4*f + 1009, 4*c - f - v = 0. Is c a prime number?
False
Let t(v) = 5*v**2 - 8*v - 34. Let n(q) = 9*q - 1. Let d be n(1). Suppose 2*r - d*p = -4*p - 32, -r + 3*p - 21 = 0. Is t(r) composite?
True
Let p(j) = 21*j**2 - 2*j + 1. Let k be p(1). Let y = k - 16. Suppose a + s - 1942 = -y*a, 5*s + 1960 = 5*a. Is a a prime number?
True
Let k be (0 + -3 - -4)*4. Suppose 4*h - 2 = -j, -j + 3*j = h + k. Is ((-174)/12)/(j*(-3)/24) a composite number?
True
Let f be (-13)/(-39) - (-16)/6. Suppose -3*n = -f*c - 6, -5*c - 1 - 7 = -4*n. Suppose c = j + 3*x - 0*x - 770, 0 = 4*x + 20. Is j prime?
False
Let l = 588862 + -89681. Is l a composite number?
False
Let c = 195683 + -106534. Is c a composite number?
True
Suppose -28275 = -18*v + 23*v. Let n = 1844 - v. Is n prime?
True
Suppose -1997059 = -3*b + 1912044 - 1484986. Is b a prime number?
True
Let b(x) = x**2 - 10*x + 26. Let f be b(7). Let y = f + 29. Is y a composite number?
True
Let d(u) = -2*u**3 - 97*u**2 - 39*u + 101. Is d(-53) a prime number?
True
Let l(r) = -9 - 9 + 21 - r. Let u be l(1). Suppose -u*a = -11*a + 2286. Is a composite?
True
Suppose -2423255 = -5*j + 5*q, -86 + 114 = 4*q. Is j a prime number?
False
Let l be ((-469)/(-201))/((-2)/(-6 - 0)). Suppose 0 = l*u + 10*u - 53635. Is u composite?
True
Let y = 219 + -217. Is (6 + 54808/16)*y a prime number?
True
Let g be (-4)/((-4)/7 - 10/(-140)). Is g/4 + -2 + (252 - 1) prime?
True
Let h(w) = -266*w + 63. Let o be h(-5). Suppose 0*x + x - s - o = 0, -2*s + 6993 = 5*x. Is x a prime number?
False
Suppose 2*g + 12*p - 15*p = 94429, -3*g + 3*p = -141642. Is g a prime number?
False
Suppose -3*d - 113*w + 26541 = -116*w, -2*d = 5*w - 17708. Is d composite?
False
Let p = -10 - -11. Let n be 3 - (-11057 - (-6)/(p + -4)). Let l = -7607 + n. Is l a composite number?
True
Suppose 10*a = 7*a - 78. Let x = -28 - a. Is x/(-13) - (-4635)/39 prime?
False
Let s = 72 + -127. Let h = s - -60. Suppose 2*z + z = -3*k + 6930, -11549 = -h*z - 4*k. Is z composite?
False
Suppose 3*r = -t + 151, -3*t + 304 + 129 = -r. Is t a prime number?
False
Let a(w) = w**2 + 6*w + 17. Let k be a(-2). Is (1 - 2)/(k/(-1143)) a composite number?
False
Suppose -913 = -l + 1313. Let m = l - 1183. Is m prime?
False
Let c(l) = 4877*l - 503. Is c(12) composite?
True
Suppose -2*s = 5*a - 2161, 4*a + 3*s = -0*a + 1733. Suppose -3*m - k = -0*m - 4, 5*m + 2*k = 5. Suppose 8*r - m*r = 4*b + a, -r + 2*b + 91 = 0. Is r composite?
False
Suppose -4319866 = -15*d + 972929. Is d prime?
True
Suppose 835272 = -136*g + 13250086 + 1590874. Is g a prime number?
True
Let x(q) = -4*q - 17. Let j be x(-4). Let b be (1 - -1)*(j - (-11)/2). Suppose -b*t - 2676 = -15*t. Is t composite?
True
Suppose 247585 - 2299204 = -3*y. Is y prime?
True
Suppose -a + 5 = 0, 0 = 4*z - 2*a + 1369 + 897. Let x = -1091 - z. Let n = 1690 + x. Is n a composite number?
False
Suppose -16*t - 71577 - 47015 = 0. Let q = 5609 - t. Is q a composite number?
True
Let f = -42 - -55. Let s(p) = p**3 - 12*p**2 - 13*p - 1. Let t be s(f). Is -97*t/((-1)/(-1)) prime?
True
Suppose -18403 - 4631 = -11*x. Let d be (42/(-10))/(-2 + x/1050). Suppose 5*t - d - 280 = 0. Is t prime?
False
Suppose -5*l = -2*r + 665821, -4*r - 69*l + 71*l + 1331714 = 0. Is r prime?
True
Let c(o) = -262*o**3 + 3*o**2 + 9*o + 3. Let g be c(-3). Suppose -3*r + 0*r = -g. Is r a composite number?
True
Let x = 1824 + -1681. Let o = 0 + -268. Let t = x - o. Is t a composite number?
True
Let o(z) = -z**3 - 3*z**2 - 13. Let u be o(-4). Suppose u*b + 4*l = 19509, -2*l + 2566 + 10440 = 2*b. Is b prime?
False
Is ((-84012)/16)/(4/(-32)*6) composite?
False
Suppose -7*w + 1272 = -3*w. Let y = w - 191. Is y a composite number?
False
Suppose -5*q + 7*q - 7258 = 0. Suppose 0 = 11*x + 8*x - q. Is x composite?
False
Let y be (-11)/264*-68 + 2/12. Suppose y*z + 6462 - 33960 = 0. Is z prime?
False
Let z = 758290 - 475328. Is z a composite number?
True
Suppose -37*c + 20655077 = 120*c. Is c a composite number?
False
Let n(r) = 9*r + 238. Let z(o) = -o**2 + o + 1. Let v(g) = n(g) - z(g). Is v(20) prime?
True
Let i = 14157 + 84086. Is i a composite number?
True
Is ((513 - -41)/(1*-2))/((-2)/106) prime?
False
Let r(y) = -1631*y**3 - y**2 + 4*y + 3. Let m be r(-1). Suppose -m = -5*w + 12466. Is w prime?
True
Let o = -50 + 59. Suppose 2*p + o = -4*f + 25, 5*f = -4*p + 26. Suppose 2*v - f*n - 326 = 2*n, 4*v - 625 = -n. Is v composite?
False
Let m be 2/((-2)/9*(-12)/4). Suppose 5*x + 3*a = 488, m*a - 8*a = 2*x - 199. Is x composite?
False
Suppose 3*d - 16 = -4*j, -3*j + 7*j - 20 = -4*d. Is (-5259)/((j/(-3))/((-14)/(-63))) composite?
True
Let f(m) = -15*m - 42. Let h be f(-3). Is ((-4173)/(-6) + h)*(0 + 2) a composite number?
True
Let i be ((-12)/2)/(3 - (-9)/(-2)). Suppose -9 = -3*x, -i*x + 9920 = o + 3*o. Is o a composite number?
False
Let q(i) = -5445*i**3 - i**2 - 2*i + 22. Is q(-3) prime?
False
Suppose 5627661 = 1299*t - 1260*t. Is t a prime number?
True
Is (-165117)/(-4) - 16*(-7)/(-448) a composite number?
True
Suppose -w - 5*t + 1849662 = 0, 13*w - 2*t = 9*w + 7398670. Is w composite?
True
Let j be (-4)/(-14) + (-10)/(-14) + 2. Let z(a) = 4*a**j - 7*a + 5*a**3 - 2*a**2 - 5*a**3 - 5. Is z(4) a composite number?
False
Let f be (2*(-12)/40)/((-196)/175 + 1). Let g(o) = 3319*o**2 + 9*o - 6. Let q be g(6). Sup